329387 prime?
False
Is 3306975013 a prime number?
True
Is 1379387299 composite?
False
Is 26963848711 composite?
False
Is 907898363 a composite number?
True
Is 59461293493 a composite number?
True
Is 35098004861 a composite number?
True
Is 6632847209 a prime number?
True
Is 642196739 prime?
False
Is 4010374531 a composite number?
True
Is 14749237 composite?
False
Is 1579128601 composite?
False
Is 178310557 composite?
False
Is 671655449 composite?
True
Is 9614162059 a prime number?
True
Is 4685719709 prime?
False
Is 2490236629 a prime number?
True
Is 2460395191 a composite number?
False
Is 131278814503 a composite number?
True
Is 3259218329 a composite number?
False
Is 7046794367 a composite number?
False
Is 25328207699 a prime number?
True
Is 6901739657 composite?
False
Is 14795117 a composite number?
True
Is 768521167 composite?
False
Is 2021272367 prime?
True
Is 304322521 composite?
True
Is 37173667393 prime?
False
Is 415652317 prime?
True
Is 227918941 a prime number?
False
Is 4192075861 a composite number?
False
Is 523064249 prime?
False
Is 64618711799 prime?
True
Is 319698529 a composite number?
False
Is 15852665819 composite?
False
Is 5518555667 a composite number?
True
Is 261769507 prime?
False
Is 138704711 composite?
False
Is 146523617 a composite number?
True
Is 6806805361 a prime number?
True
Is 116229853 composite?
True
Is 6076144689 composite?
True
Is 14229904217 composite?
True
Is 5207661937 a composite number?
True
Is 3961122101 a composite number?
False
Is 172222508309 composite?
True
Is 118633439 composite?
True
Is 140826289 prime?
False
Is 417804539 a composite number?
True
Is 3320779727 prime?
True
Is 99908453 prime?
False
Is 10221259357 a composite number?
False
Is 56293729351 composite?
False
Is 5523475721 a prime number?
True
Is 2730621493 a composite number?
False
Is 22846246043 a prime number?
False
Is 156631077485 composite?
True
Is 68248248269 a prime number?
True
Is 574582873 a composite number?
False
Is 85032403567 prime?
True
Is 13312352649 prime?
False
Is 3432783467 prime?
False
Is 10009480219 a composite number?
False
Is 155781057317 prime?
True
Is 8484942373 composite?
False
Is 2055805394 prime?
False
Is 16994887963 a prime number?
False
Is 8088424213 prime?
True
Is 545338331 a composite number?
False
Is 64937561971 a composite number?
True
Is 11382727913 a prime number?
True
Is 2939297417 composite?
True
Is 50186820083 composite?
False
Is 51749004603 composite?
True
Is 539005031 a prime number?
False
Is 67898593949 composite?
True
Is 51474613 composite?
False
Is 143392697 composite?
True
Is 189307544914 prime?
False
Is 242405393 a prime number?
True
Is 869841983 composite?
True
Is 50587739 a composite number?
False
Is 6134240127 a composite number?
True
Is 700910267 a composite number?
False
Is 2001451937 composite?
False
Is 45771982999 a composite number?
False
Is 4229170783 a prime number?
True
Is 327237299 composite?
False
Is 6573313933 a prime number?
True
Is 507843247 composite?
True
Is 5888304887 prime?
False
Is 452179751 composite?
False
Is 3817201433 a prime number?
True
Is 26499519481 composite?
True
Is 41737808581 a composite number?
True
Is 12444948487 a prime number?
False
Is 67039612907 prime?
False
Is 1860752063 prime?
True
Is 7103094671 a composite number?
True
Is 34358196157 prime?
True
Is 15769611967 composite?
True
Is 1604802191 prime?
True
Is 609679489 composite?
False
Is 1257374321 prime?
False
Is 193595302399 a prime number?
True
Is 511805051 prime?
False
Is 415293947 a prime number?
True
Is 1637933251 composite?
True
Is 923024579 prime?
False
Is 11282801707 a composite number?
False
Is 43029453307 a composite number?
True
Is 30430184471 composite?
True
Is 1203598957 prime?
False
Is 2547298673 a prime number?
False
Is 701146051 a composite number?
True
Is 490438529 prime?
False
Is 30302475953 prime?
True
Is 58916737003 a prime number?
False
Is 21793114943 a composite number?
False
Is 315307833 composite?
True
Is 3350458693 prime?
False
Is 96605391221 composite?
False
Is 191902656173 a composite number?
False
Is 10332081271 composite?
False
Is 68595913 a composite number?
True
Is 6364243 prime?
False
Is 1013260993 composite?
False
Is 8473832429 a composite number?
True
Is 96367741963 a composite number?
False
Is 46108807301 a composite number?
False
Is 205536585959 a composite number?
False
Is 390338771 a prime number?
False
Is 82329305893 a prime number?
False
Is 1715327689 a composite number?
True
Is 16564393201 composite?
False
Is 292708699 prime?
False
Is 6399313691 prime?
True
Is 90013446373 composite?
True
Is 18319374377 composite?
True
Is 81748099 a prime number?
False
Is 778372841 a composite number?
False
Is 5073024217 composite?
False
Is 16468492283 a prime number?
False
Is 1586478151 a prime number?
True
Is 12044309579 a prime number?
True
Is 457119589 prime?
True
Is 261828497 prime?
False
Is 24868221419 a composite number?
False
Is 6826039901 prime?
True
Is 7724063357 a composite number?
False
Is 2621987413 composite?
False
Is 842334107 a composite number?
False
Is 14882958787 composite?
False
Is 357197534 a composite number?
True
Is 5754578671 a composite number?
False
Is 124950038639 a composite number?
False
Is 24011481673 prime?
True
Is 253923721 composite?
True
Is 520974851 a composite number?
True
Is 681442547 a prime number?
True
Is 893765071 a composite number?
False
Is 295529567 prime?
False
Is 3678007843 a composite number?
True
Is 925149989 composite?
False
Is 958677427 a composite number?
True
Is 144997507727 prime?
False
Is 865991087 composite?
True
Is 137613647 a prime number?
False
Is 22888653955 composite?
True
Is 14664012445 composite?
True
Is 143201233382 a prime number?
False
Is 27646529153 a composite number?
True
Is 9000180857 prime?
True
Is 41235262379 a prime number?
True
Is 6224747611 a prime number?
False
Is 330035723 a prime number?
True
Is 1590742693 a composite number?
False
Is 30632823041 prime?
True
Is 459691081 a prime number?
True
Is 670710713 prime?
True
Is 3001311347 composite?
False
Is 223644689 composite?
False
Is 17472671737 a composite number?
False
Is 489095605 prime?
False
Is 2930136247 a composite number?
False
Is 195150206153 a prime number?
False
Is 5447842501 a composite number?
True
Is 2278103873 prime?
True
Is 49580199883 prime?
True
Is 108424223 prime?
True
Is 908307011 a composite number?
False
Is 358045421 a composite number?
False
Is 45210094603 a composite number?
False
Is 11110613 a composite number?
False
Is 1319993617 a prime number?
False
Is 8443779851 prime?
False
Is 17555889119 prime?
False
Is 19032229331 prime?
False
Is 2300801354 composite?
True
Is 55329967547 composite?
False
Is 5320549181 prime?
False
Is 2050596853 composite?
True
Is 4620772327 a composite number?
False
Is 2317096303 a composite number?
True
Is 837472247 prime?
True
Is 4467287393 prime?
True
Is 521044427 prime?
True
Is 81566207131 a composite number?
False
Is 455221583 a prime number?
True
Is 22284365773 prime?
False
Is 48753984251 prime?
False
Is 1483279093 a composite number?
False
Is 39486413177 composite?
True
Is 3422677691 a prime number?
True
Is 933981259 composite?
False
Is 13710391577 a prime number?
True
Is 546508553 a prime number?
False
Is 35944026743 a prime number?
True
Is 1053173291 a prime number?
False
Is 76452107063 a prime number?
False
Is 585072055 composite?
True
Is 19656045229 composite?
False
Is 2138747582 a composite number?
True
Is 2241187241 prime?
False
Is 5489807 a prime number?
True
Is 3883036499 a composite number?
True
Is 432759707 a prime number?
False
Is 670298129 prime?
True
Is 2287612777 a composite number?
False
Is 1804203031 a prime number?
True
Is 14479884589 prime?
False
Is 4017648863 a prime number?
False
Is 24270992453 a prime number?
False
Is 8785783 a prime number?
True
Is 5433389617 a composite number?
False
Is 35724696661 composite?
False
Is 28975023289 a prime number?
True
Is 47478929569 composite?
False
Is 4920162503 a composite number?
False
Is 7512465091 a prime number?
False
Is 112593769 a prime number?
False
Is 72815609149 a prime number?
True
Is 802698427 a prime number?
True
Is 289791581 a prime number?
True
Is 22547224463 a composite number?
False
Is 10239753 composite?
True
Is 19868267359 composite